ndreds digit of 7957?
9
What is the thousands digit of 25604?
5
What is the units digit of 21413?
3
What is the thousands digit of 1522?
1
What is the hundreds digit of 2393?
3
What is the tens digit of 15812?
1
What is the units digit of 664?
4
What is the units digit of 1932?
2
What is the thousands digit of 9950?
9
What is the thousands digit of 52562?
2
What is the units digit of 41310?
0
What is the hundreds digit of 965?
9
What is the hundreds digit of 13646?
6
What is the thousands digit of 5974?
5
What is the hundreds digit of 674?
6
What is the ten thousands digit of 23485?
2
What is the tens digit of 354?
5
What is the tens digit of 66024?
2
What is the units digit of 2890?
0
What is the thousands digit of 3143?
3
What is the units digit of 806?
6
What is the hundreds digit of 2322?
3
What is the tens digit of 12610?
1
What is the thousands digit of 1757?
1
What is the units digit of 45727?
7
What is the units digit of 74872?
2
What is the units digit of 23175?
5
What is the units digit of 4976?
6
What is the tens digit of 87164?
6
What is the hundreds digit of 39098?
0
What is the ten thousands digit of 25444?
2
What is the units digit of 5928?
8
What is the thousands digit of 4169?
4
What is the units digit of 127558?
8
What is the hundreds digit of 2176?
1
What is the ten thousands digit of 47413?
4
What is the units digit of 23231?
1
What is the ten thousands digit of 38581?
3
What is the hundreds digit of 1036?
0
What is the thousands digit of 2100?
2
What is the tens digit of 16482?
8
What is the thousands digit of 3718?
3
What is the ten thousands digit of 105355?
0
What is the tens digit of 53704?
0
What is the hundreds digit of 3278?
2
What is the thousands digit of 73199?
3
What is the hundreds digit of 78790?
7
What is the units digit of 56950?
0
What is the thousands digit of 6187?
6
What is the units digit of 2537?
7
What is the tens digit of 1531?
3
What is the tens digit of 776?
7
What is the thousands digit of 11732?
1
What is the thousands digit of 8764?
8
What is the hundreds digit of 19687?
6
What is the units digit of 44990?
0
What is the hundreds digit of 16300?
3
What is the hundreds digit of 10230?
2
What is the tens digit of 1442?
4
What is the hundreds digit of 12350?
3
What is the tens digit of 496?
9
What is the ten thousands digit of 112894?
1
What is the hundreds digit of 184351?
3
What is the units digit of 4874?
4
What is the tens digit of 899?
9
What is the hundreds digit of 7688?
6
What is the units digit of 22746?
6
What is the tens digit of 5451?
5
What is the units digit of 737?
7
What is the units digit of 490?
0
What is the tens digit of 1391?
9
What is the units digit of 1418?
8
What is the thousands digit of 25216?
5
What is the tens digit of 783?
8
What is the units digit of 32851?
1
What is the units digit of 39718?
8
What is the hundreds digit of 3747?
7
What is the hundreds digit of 25498?
4
What is the hundreds digit of 35860?
8
What is the ten thousands digit of 13313?
1
What is the hundreds digit of 37982?
9
What is the hundreds digit of 1181?
1
What is the tens digit of 1809?
0
What is the hundreds digit of 7133?
1
What is the units digit of 9457?
7
What is the thousands digit of 14834?
4
What is the units digit of 3495?
5
What is the hundreds digit of 2714?
7
What is the units digit of 9522?
2
What is the hundred thousands digit of 123951?
1
What is the units digit of 2623?
3
What is the hundreds digit of 1227?
2
What is the units digit of 9480?
0
What is the tens digit of 4524?
2
What is the hundreds digit of 2960?
9
What is the ten thousands digit of 24654?
2
What is the thousands digit of 3011?
3
What is the hundreds digit of 7450?
4
What is the tens digit of 899?
9
What is the hundreds digit of 431?
4
What is the thousands digit of 17315?
7
What is the thousands digit of 7284?
7
What is the tens digit of 278?
7
What is the hundreds digit of 163?
1
What is the ten thousands digit of 39683?
3
What is the hundreds digit of 5297?
2
What is the hundreds digit of 335?
3
What is the tens digit of 989?
8
What is the units digit of 232?
2
What is the hundreds digit of 833?
8
What is the tens digit of 6083?
8
What is the ten thousands digit of 29865?
2
What is the tens digit of 2244?
4
What is the hundreds digit of 7615?
6
What is the tens digit of 6371?
7
What is the thousands digit of 201945?
1
What is the hundreds digit of 197582?
5
What is the units digit of 3857?
7
What is the units digit of 3263?
3
What is the units digit of 1938?
8
What is the hundreds digit of 7548?
5
What is the tens digit of 5179?
7
What is the tens digit of 342?
4
What is the thousands digit of 5883?
5
What is the hundreds digit of 61258?
2
What is the ten thousands digit of 16109?
1
What is the tens digit of 5712?
1
What is the tens digit of 653?
5
What is the tens digit of 1394?
9
What is the tens digit of 9348?
4
What is the thousands digit of 3243?
3
What is the hundred thousands digit of 162636?
1
What is the ten thousands digit of 76001?
7
What is the thousands digit of 7914?
7
What is the tens digit of 22560?
6
What is the tens digit of 185?
8
What is the tens digit of 257?
5
What is the units digit of 16000?
0
What is the hundreds digit of 288?
2
What is the units digit of 983?
3
What is the thousands digit of 2742?
2
What is the hundreds digit of 6933?
9
What is the units digit of 6840?
0
What is the hundreds digit of 759?
7
What is the tens digit of 9045?
4
What is the units digit of 2994?
4
What is the units digit of 430?
0
What is the units digit of 2533?
3
What is the thousands digit of 33115?
3
What is the tens digit of 31248?
4
What is the thousands digit of 2804?
2
What is the units digit of 43?
3
What is the tens digit of 33463?
6
What is the hundred thousands digit of 121213?
1
What is the hundreds digit of 71373?
3
What is the thousands digit of 20357?
0
What is the hundreds digit of 953?
9
What is the hundreds digit of 694?
6
What is the tens digit of 6509?
0
What is the hundreds digit of 1114?
1
What is the ten thousands digit of 18992?
1
What is the units digit of 2473?
3
What is the ten thousands digit of 29856?
2
What is the thousands digit of 27083?
7
What is the tens digit of 588?
8
What is the units digit of 27707?
7
What is the tens digit of 16732?
3
What is the units digit of 125800?
0
What is the units digit of 26517?
7
What is the ten thousands digit of 41396?
4
What is the hundreds digit of 1012?
0
What is the units digit of 51292?
2
What is the thousands digit of 183011?
3
What is the units digit of 2298?
8
What is the tens digit of 98?
9
What is the thousands digit of 1681?
1
What is the units digit of 1993?
3
What is the thousands digit of 8036?
8
What is the thousands digit of 2387?
2
What is the tens digit of 1261?
6
What is the tens digit of 39?
3
What is the ten thousands digit of 13950?
1
What is the tens digit of 1629?
2
What is the hundreds digit of 1074?
0
What is the units digit of 12499?
9
What is the ten thousands digit of 58096?
5
What is the hundreds digit of 1370?
3
What is the hundreds digit of 10807?
8
What is the thousands digit of 31145?
1
What is the thousands digit of 34907?
4
What is the tens digit of 2040?
4
What is the ten thousands digit of 41996?
4
What is the ten thousands digit of 54648?
5
What is the units digit of 75006?
6
What is the units digit of 4549?
9
What is the hundreds digit of 45498?
4
What is the units digit of 1447?
7
What is the tens digit of 2009?
0
What is the tens digit of 4104?
0
What is the tens digit of 2415?
1
What is the hundreds digit of 1729?
7
What is the units digit of 101599?
9
What is the tens digit of 5621?
2
What is the units digit of 6964?
4
What is the units digit of 2922?
2
What is the hundreds digit of 4235?
2
What is the hundreds digit of 988?
9
What is the thousands digit of 32030?
2
What is the thousands digit of 4458?
4
What is the ten thousands digit of 26630?
2
What is the tens digit of 1473?
7
What is the thousands digit of 28891?
8
What is the units digit of 34403?
3
What is the thousands digit of 1340?
1
What is the units digit of 1741?
1
What is the hundreds digit of 1578?
5
What is the tens digit of 42552?
5
What is the hundreds digit of 34511?
5
What is the units digit of 1188?
8
What is the units digi